{"id":4338,"date":"2017-04-13T15:28:36","date_gmt":"2017-04-13T20:28:36","guid":{"rendered":"http:\/\/clubvelostoneham.com\/?page_id=4338"},"modified":"2017-04-13T15:30:20","modified_gmt":"2017-04-13T20:30:20","slug":"telechargement-parcours-garmin","status":"publish","type":"page","link":"https:\/\/clubvelostoneham.com\/?page_id=4338","title":{"rendered":"Te\u0301le\u0301chargement des parcours sur Garmin"},"content":{"rendered":"<p>\u00c0 la demande de plusieurs membres, CVS a pr\u00e9par\u00e9 un court document qui, nous l&rsquo;esp\u00e9rons, d\u00e9taille ad\u00e9quatement le processus de transfert des parcours du Club de V\u00e9lo Stoneham \u00e0 partir du calendrier du club : <a href=\"http:\/\/clubvelostoneham.com\/?page_id=1907\">http:\/\/clubvelostoneham.com\/?page_id=1907<\/a> <\/p>\n<p>N&rsquo;h\u00e9sitez pas si vous avez des questions, nous tenterons d&rsquo;y r\u00e9pondre aux meilleurs de nos connaissances.<br \/>\n<a href=\"https:\/\/clubvelostoneham.com\/wp-content\/uploads\/2017\/04\/Telechargement_parcours_sur_Garmin.pdf\" class=\"pdfemb-viewer\" style=\"\" data-width=\"max\" data-height=\"max\" data-toolbar=\"bottom\" data-toolbar-fixed=\"off\">Telechargement_parcours_sur_Garmin<\/a>\n","protected":false},"excerpt":{"rendered":"<p>\u00c0 la demande de plusieurs membres, CVS a pr\u00e9par\u00e9 un court document qui, nous l&rsquo;esp\u00e9rons, d\u00e9taille ad\u00e9quatement le processus de transfert des parcours du Club de V\u00e9lo Stoneham \u00e0 partir du calendrier du club : http:\/\/clubvelostoneham.com\/?page_id=1907 N&rsquo;h\u00e9sitez pas si vous\u2026<\/p>\n","protected":false},"author":2,"featured_media":0,"parent":0,"menu_order":0,"comment_status":"closed","ping_status":"closed","template":"","meta":{"ngg_post_thumbnail":0,"footnotes":""},"categories":[],"tags":[],"class_list":["post-4338","page","type-page","status-publish","hentry"],"yoast_head":"<!-- This site is optimized with the Yoast SEO plugin v26.1.1 - https:\/\/yoast.com\/wordpress\/plugins\/seo\/ -->\n<title>Te\u0301le\u0301chargement des parcours sur Garmin - Club V\u00e9lo Stoneham<\/title>\n<meta name=\"robots\" content=\"index, follow, max-snippet:-1, max-image-preview:large, max-video-preview:-1\" \/>\n<link rel=\"canonical\" href=\"https:\/\/clubvelostoneham.com\/?page_id=4338\" \/>\n<meta property=\"og:locale\" content=\"fr_FR\" \/>\n<meta property=\"og:type\" content=\"article\" \/>\n<meta property=\"og:title\" content=\"Te\u0301le\u0301chargement des parcours sur Garmin - Club V\u00e9lo Stoneham\" \/>\n<meta property=\"og:description\" content=\"\u00c0 la demande de plusieurs membres, CVS a pr\u00e9par\u00e9 un court document qui, nous l&rsquo;esp\u00e9rons, d\u00e9taille ad\u00e9quatement le processus de transfert des parcours du Club de V\u00e9lo Stoneham \u00e0 partir du calendrier du club : http:\/\/clubvelostoneham.com\/?page_id=1907 N&rsquo;h\u00e9sitez pas si vous\u2026\" \/>\n<meta property=\"og:url\" content=\"https:\/\/clubvelostoneham.com\/?page_id=4338\" \/>\n<meta property=\"og:site_name\" content=\"Club V\u00e9lo Stoneham\" \/>\n<meta property=\"article:modified_time\" content=\"2017-04-13T20:30:20+00:00\" \/>\n<script type=\"application\/ld+json\" class=\"yoast-schema-graph\">{\"@context\":\"https:\/\/schema.org\",\"@graph\":[{\"@type\":\"WebPage\",\"@id\":\"https:\/\/clubvelostoneham.com\/?page_id=4338\",\"url\":\"https:\/\/clubvelostoneham.com\/?page_id=4338\",\"name\":\"Te\u0301le\u0301chargement des parcours sur Garmin - Club V\u00e9lo Stoneham\",\"isPartOf\":{\"@id\":\"https:\/\/clubvelostoneham.com\/#website\"},\"datePublished\":\"2017-04-13T20:28:36+00:00\",\"dateModified\":\"2017-04-13T20:30:20+00:00\",\"breadcrumb\":{\"@id\":\"https:\/\/clubvelostoneham.com\/?page_id=4338#breadcrumb\"},\"inLanguage\":\"fr-FR\",\"potentialAction\":[{\"@type\":\"ReadAction\",\"target\":[\"https:\/\/clubvelostoneham.com\/?page_id=4338\"]}]},{\"@type\":\"BreadcrumbList\",\"@id\":\"https:\/\/clubvelostoneham.com\/?page_id=4338#breadcrumb\",\"itemListElement\":[{\"@type\":\"ListItem\",\"position\":1,\"name\":\"Accueil\",\"item\":\"https:\/\/clubvelostoneham.com\/\"},{\"@type\":\"ListItem\",\"position\":2,\"name\":\"Te\u0301le\u0301chargement des parcours sur Garmin\"}]},{\"@type\":\"WebSite\",\"@id\":\"https:\/\/clubvelostoneham.com\/#website\",\"url\":\"https:\/\/clubvelostoneham.com\/\",\"name\":\"Club V\u00e9lo Stoneham\",\"description\":\"Club V\u00e9lo Stoneham\",\"potentialAction\":[{\"@type\":\"SearchAction\",\"target\":{\"@type\":\"EntryPoint\",\"urlTemplate\":\"https:\/\/clubvelostoneham.com\/?s={search_term_string}\"},\"query-input\":{\"@type\":\"PropertyValueSpecification\",\"valueRequired\":true,\"valueName\":\"search_term_string\"}}],\"inLanguage\":\"fr-FR\"}]}<\/script>\n<!-- \/ Yoast SEO plugin. -->","yoast_head_json":{"title":"Te\u0301le\u0301chargement des parcours sur Garmin - Club V\u00e9lo Stoneham","robots":{"index":"index","follow":"follow","max-snippet":"max-snippet:-1","max-image-preview":"max-image-preview:large","max-video-preview":"max-video-preview:-1"},"canonical":"https:\/\/clubvelostoneham.com\/?page_id=4338","og_locale":"fr_FR","og_type":"article","og_title":"Te\u0301le\u0301chargement des parcours sur Garmin - Club V\u00e9lo Stoneham","og_description":"\u00c0 la demande de plusieurs membres, CVS a pr\u00e9par\u00e9 un court document qui, nous l&rsquo;esp\u00e9rons, d\u00e9taille ad\u00e9quatement le processus de transfert des parcours du Club de V\u00e9lo Stoneham \u00e0 partir du calendrier du club : http:\/\/clubvelostoneham.com\/?page_id=1907 N&rsquo;h\u00e9sitez pas si vous\u2026","og_url":"https:\/\/clubvelostoneham.com\/?page_id=4338","og_site_name":"Club V\u00e9lo Stoneham","article_modified_time":"2017-04-13T20:30:20+00:00","schema":{"@context":"https:\/\/schema.org","@graph":[{"@type":"WebPage","@id":"https:\/\/clubvelostoneham.com\/?page_id=4338","url":"https:\/\/clubvelostoneham.com\/?page_id=4338","name":"Te\u0301le\u0301chargement des parcours sur Garmin - Club V\u00e9lo Stoneham","isPartOf":{"@id":"https:\/\/clubvelostoneham.com\/#website"},"datePublished":"2017-04-13T20:28:36+00:00","dateModified":"2017-04-13T20:30:20+00:00","breadcrumb":{"@id":"https:\/\/clubvelostoneham.com\/?page_id=4338#breadcrumb"},"inLanguage":"fr-FR","potentialAction":[{"@type":"ReadAction","target":["https:\/\/clubvelostoneham.com\/?page_id=4338"]}]},{"@type":"BreadcrumbList","@id":"https:\/\/clubvelostoneham.com\/?page_id=4338#breadcrumb","itemListElement":[{"@type":"ListItem","position":1,"name":"Accueil","item":"https:\/\/clubvelostoneham.com\/"},{"@type":"ListItem","position":2,"name":"Te\u0301le\u0301chargement des parcours sur Garmin"}]},{"@type":"WebSite","@id":"https:\/\/clubvelostoneham.com\/#website","url":"https:\/\/clubvelostoneham.com\/","name":"Club V\u00e9lo Stoneham","description":"Club V\u00e9lo Stoneham","potentialAction":[{"@type":"SearchAction","target":{"@type":"EntryPoint","urlTemplate":"https:\/\/clubvelostoneham.com\/?s={search_term_string}"},"query-input":{"@type":"PropertyValueSpecification","valueRequired":true,"valueName":"search_term_string"}}],"inLanguage":"fr-FR"}]}},"jetpack_sharing_enabled":true,"jetpack_shortlink":"https:\/\/wp.me\/P78n5A-17Y","_links":{"self":[{"href":"https:\/\/clubvelostoneham.com\/index.php?rest_route=\/wp\/v2\/pages\/4338","targetHints":{"allow":["GET"]}}],"collection":[{"href":"https:\/\/clubvelostoneham.com\/index.php?rest_route=\/wp\/v2\/pages"}],"about":[{"href":"https:\/\/clubvelostoneham.com\/index.php?rest_route=\/wp\/v2\/types\/page"}],"author":[{"embeddable":true,"href":"https:\/\/clubvelostoneham.com\/index.php?rest_route=\/wp\/v2\/users\/2"}],"replies":[{"embeddable":true,"href":"https:\/\/clubvelostoneham.com\/index.php?rest_route=%2Fwp%2Fv2%2Fcomments&post=4338"}],"version-history":[{"count":2,"href":"https:\/\/clubvelostoneham.com\/index.php?rest_route=\/wp\/v2\/pages\/4338\/revisions"}],"predecessor-version":[{"id":4343,"href":"https:\/\/clubvelostoneham.com\/index.php?rest_route=\/wp\/v2\/pages\/4338\/revisions\/4343"}],"wp:attachment":[{"href":"https:\/\/clubvelostoneham.com\/index.php?rest_route=%2Fwp%2Fv2%2Fmedia&parent=4338"}],"wp:term":[{"taxonomy":"category","embeddable":true,"href":"https:\/\/clubvelostoneham.com\/index.php?rest_route=%2Fwp%2Fv2%2Fcategories&post=4338"},{"taxonomy":"post_tag","embeddable":true,"href":"https:\/\/clubvelostoneham.com\/index.php?rest_route=%2Fwp%2Fv2%2Ftags&post=4338"}],"curies":[{"name":"wp","href":"https:\/\/api.w.org\/{rel}","templated":true}]}}