{"id":2030,"date":"2016-01-18T18:58:51","date_gmt":"2016-01-18T23:58:51","guid":{"rendered":"http:\/\/clubvelostoneham.com\/?page_id=2030"},"modified":"2023-04-19T11:25:42","modified_gmt":"2023-04-19T16:25:42","slug":"commande-de-vetements","status":"publish","type":"page","link":"https:\/\/clubvelostoneham.com\/?page_id=2030","title":{"rendered":"Commande de v\u00eatements"},"content":{"rendered":"<p><strong><u>V\u00eatements Team CVS 2023<\/u><\/strong><\/p>\n<p>\u00a0<\/p>\n<p><strong><em>Note : Les commandes de v\u00eatements 2023 sont ferm\u00e9es! Cependant, le club poss\u00e8de un inventaire de maillots pour r\u00e9pondre aux besoins urgents! Vous pouvez communiquer avec <a href=\"clubvelostoneham@gmail.com\">CVS<\/a> pour plus de renseignements!<\/em><\/strong><\/p>\n<p>\u00a0<\/p>\n<p>Cette ann\u00e9e, notre partenariat pour les tenues de v\u00e9lo est avec Spherik\/Eko\u00ef, avec un nouveau design, une qualit\u00e9 de tissus haut de gamme grandement appr\u00e9ci\u00e9e et toujours dans la derni\u00e8re tendance.<\/p>\n<p>La couleur est bleu Cyan bien visible de tous sur la route avec un petit signe distinctif CVS.<\/p>\n<p>Pour ce qui est du Bibshort, le mod\u00e8le est noir standard.<\/p>\n<p><strong><u>Votre commande n&rsquo;est ni remboursable, ni \u00e9changeable<\/u><\/strong>.<\/p>\n<p>Nous vous rappelons que le port du maillot \u00e0 l&rsquo;effigie du club est obligatoire (en sus du tarif d\u2019adh\u00e9sion). Les nouveaux membres doivent donc obligatoirement se procurer le maillot 2023.<\/p>\n<p><strong>Les commandes en ligne sont ferm\u00e9es!<\/strong><\/p>\n<p>La premi\u00e8re commande devrait \u00eatre livr\u00e9e vers la fin-avril.<\/p>\n<p>La derni\u00e8re commande a \u00e9t\u00e9 mise en production \u00e0 la mi-avril. Cela vous permettra de recevoir votre nouvelle tenue vers la mi-juin.<\/p>\n<p>Bonne saison 2023!<u><\/u><\/p>\n\n\n<p><\/p>\n","protected":false},"excerpt":{"rendered":"<p>V\u00eatements Team CVS 2023 \u00a0 Note : Les commandes de v\u00eatements 2023 sont ferm\u00e9es! Cependant, le club poss\u00e8de un inventaire de maillots pour r\u00e9pondre aux besoins urgents! Vous pouvez communiquer avec CVS pour plus de renseignements! \u00a0 Cette ann\u00e9e, notre\u2026<\/p>\n","protected":false},"author":2,"featured_media":0,"parent":0,"menu_order":0,"comment_status":"closed","ping_status":"closed","template":"","meta":{"ngg_post_thumbnail":0,"footnotes":""},"categories":[90],"tags":[],"class_list":["post-2030","page","type-page","status-publish","hentry","category-nouveautes"],"yoast_head":"<!-- This site is optimized with the Yoast SEO plugin v26.1.1 - https:\/\/yoast.com\/wordpress\/plugins\/seo\/ -->\n<title>Commande de v\u00eatements - Club V\u00e9lo Stoneham<\/title>\n<meta name=\"robots\" content=\"index, follow, max-snippet:-1, max-image-preview:large, max-video-preview:-1\" \/>\n<link rel=\"canonical\" href=\"https:\/\/clubvelostoneham.com\/?page_id=2030\" \/>\n<meta property=\"og:locale\" content=\"fr_FR\" \/>\n<meta property=\"og:type\" content=\"article\" \/>\n<meta property=\"og:title\" content=\"Commande de v\u00eatements - Club V\u00e9lo Stoneham\" \/>\n<meta property=\"og:description\" content=\"V\u00eatements Team CVS 2023 \u00a0 Note : Les commandes de v\u00eatements 2023 sont ferm\u00e9es! Cependant, le club poss\u00e8de un inventaire de maillots pour r\u00e9pondre aux besoins urgents! Vous pouvez communiquer avec CVS pour plus de renseignements! \u00a0 Cette ann\u00e9e, notre\u2026\" \/>\n<meta property=\"og:url\" content=\"https:\/\/clubvelostoneham.com\/?page_id=2030\" \/>\n<meta property=\"og:site_name\" content=\"Club V\u00e9lo Stoneham\" \/>\n<meta property=\"article:modified_time\" content=\"2023-04-19T16:25:42+00:00\" \/>\n<meta name=\"twitter:label1\" content=\"Dur\u00e9e de lecture estim\u00e9e\" \/>\n\t<meta name=\"twitter:data1\" content=\"1 minute\" \/>\n<script type=\"application\/ld+json\" class=\"yoast-schema-graph\">{\"@context\":\"https:\/\/schema.org\",\"@graph\":[{\"@type\":\"WebPage\",\"@id\":\"https:\/\/clubvelostoneham.com\/?page_id=2030\",\"url\":\"https:\/\/clubvelostoneham.com\/?page_id=2030\",\"name\":\"Commande de v\u00eatements - Club V\u00e9lo Stoneham\",\"isPartOf\":{\"@id\":\"https:\/\/clubvelostoneham.com\/#website\"},\"datePublished\":\"2016-01-18T23:58:51+00:00\",\"dateModified\":\"2023-04-19T16:25:42+00:00\",\"breadcrumb\":{\"@id\":\"https:\/\/clubvelostoneham.com\/?page_id=2030#breadcrumb\"},\"inLanguage\":\"fr-FR\",\"potentialAction\":[{\"@type\":\"ReadAction\",\"target\":[\"https:\/\/clubvelostoneham.com\/?page_id=2030\"]}]},{\"@type\":\"BreadcrumbList\",\"@id\":\"https:\/\/clubvelostoneham.com\/?page_id=2030#breadcrumb\",\"itemListElement\":[{\"@type\":\"ListItem\",\"position\":1,\"name\":\"Accueil\",\"item\":\"https:\/\/clubvelostoneham.com\/\"},{\"@type\":\"ListItem\",\"position\":2,\"name\":\"Commande de v\u00eatements\"}]},{\"@type\":\"WebSite\",\"@id\":\"https:\/\/clubvelostoneham.com\/#website\",\"url\":\"https:\/\/clubvelostoneham.com\/\",\"name\":\"Club V\u00e9lo Stoneham\",\"description\":\"Club V\u00e9lo Stoneham\",\"potentialAction\":[{\"@type\":\"SearchAction\",\"target\":{\"@type\":\"EntryPoint\",\"urlTemplate\":\"https:\/\/clubvelostoneham.com\/?s={search_term_string}\"},\"query-input\":{\"@type\":\"PropertyValueSpecification\",\"valueRequired\":true,\"valueName\":\"search_term_string\"}}],\"inLanguage\":\"fr-FR\"}]}<\/script>\n<!-- \/ Yoast SEO plugin. -->","yoast_head_json":{"title":"Commande de v\u00eatements - Club V\u00e9lo Stoneham","robots":{"index":"index","follow":"follow","max-snippet":"max-snippet:-1","max-image-preview":"max-image-preview:large","max-video-preview":"max-video-preview:-1"},"canonical":"https:\/\/clubvelostoneham.com\/?page_id=2030","og_locale":"fr_FR","og_type":"article","og_title":"Commande de v\u00eatements - Club V\u00e9lo Stoneham","og_description":"V\u00eatements Team CVS 2023 \u00a0 Note : Les commandes de v\u00eatements 2023 sont ferm\u00e9es! Cependant, le club poss\u00e8de un inventaire de maillots pour r\u00e9pondre aux besoins urgents! Vous pouvez communiquer avec CVS pour plus de renseignements! \u00a0 Cette ann\u00e9e, notre\u2026","og_url":"https:\/\/clubvelostoneham.com\/?page_id=2030","og_site_name":"Club V\u00e9lo Stoneham","article_modified_time":"2023-04-19T16:25:42+00:00","twitter_misc":{"Dur\u00e9e de lecture estim\u00e9e":"1 minute"},"schema":{"@context":"https:\/\/schema.org","@graph":[{"@type":"WebPage","@id":"https:\/\/clubvelostoneham.com\/?page_id=2030","url":"https:\/\/clubvelostoneham.com\/?page_id=2030","name":"Commande de v\u00eatements - Club V\u00e9lo Stoneham","isPartOf":{"@id":"https:\/\/clubvelostoneham.com\/#website"},"datePublished":"2016-01-18T23:58:51+00:00","dateModified":"2023-04-19T16:25:42+00:00","breadcrumb":{"@id":"https:\/\/clubvelostoneham.com\/?page_id=2030#breadcrumb"},"inLanguage":"fr-FR","potentialAction":[{"@type":"ReadAction","target":["https:\/\/clubvelostoneham.com\/?page_id=2030"]}]},{"@type":"BreadcrumbList","@id":"https:\/\/clubvelostoneham.com\/?page_id=2030#breadcrumb","itemListElement":[{"@type":"ListItem","position":1,"name":"Accueil","item":"https:\/\/clubvelostoneham.com\/"},{"@type":"ListItem","position":2,"name":"Commande de v\u00eatements"}]},{"@type":"WebSite","@id":"https:\/\/clubvelostoneham.com\/#website","url":"https:\/\/clubvelostoneham.com\/","name":"Club V\u00e9lo Stoneham","description":"Club V\u00e9lo Stoneham","potentialAction":[{"@type":"SearchAction","target":{"@type":"EntryPoint","urlTemplate":"https:\/\/clubvelostoneham.com\/?s={search_term_string}"},"query-input":{"@type":"PropertyValueSpecification","valueRequired":true,"valueName":"search_term_string"}}],"inLanguage":"fr-FR"}]}},"jetpack_sharing_enabled":true,"jetpack_shortlink":"https:\/\/wp.me\/P78n5A-wK","_links":{"self":[{"href":"https:\/\/clubvelostoneham.com\/index.php?rest_route=\/wp\/v2\/pages\/2030","targetHints":{"allow":["GET"]}}],"collection":[{"href":"https:\/\/clubvelostoneham.com\/index.php?rest_route=\/wp\/v2\/pages"}],"about":[{"href":"https:\/\/clubvelostoneham.com\/index.php?rest_route=\/wp\/v2\/types\/page"}],"author":[{"embeddable":true,"href":"https:\/\/clubvelostoneham.com\/index.php?rest_route=\/wp\/v2\/users\/2"}],"replies":[{"embeddable":true,"href":"https:\/\/clubvelostoneham.com\/index.php?rest_route=%2Fwp%2Fv2%2Fcomments&post=2030"}],"version-history":[{"count":22,"href":"https:\/\/clubvelostoneham.com\/index.php?rest_route=\/wp\/v2\/pages\/2030\/revisions"}],"predecessor-version":[{"id":4911,"href":"https:\/\/clubvelostoneham.com\/index.php?rest_route=\/wp\/v2\/pages\/2030\/revisions\/4911"}],"wp:attachment":[{"href":"https:\/\/clubvelostoneham.com\/index.php?rest_route=%2Fwp%2Fv2%2Fmedia&parent=2030"}],"wp:term":[{"taxonomy":"category","embeddable":true,"href":"https:\/\/clubvelostoneham.com\/index.php?rest_route=%2Fwp%2Fv2%2Fcategories&post=2030"},{"taxonomy":"post_tag","embeddable":true,"href":"https:\/\/clubvelostoneham.com\/index.php?rest_route=%2Fwp%2Fv2%2Ftags&post=2030"}],"curies":[{"name":"wp","href":"https:\/\/api.w.org\/{rel}","templated":true}]}}